{"id":54,"date":"2013-08-29T23:29:15","date_gmt":"2013-08-29T21:29:15","guid":{"rendered":"https:\/\/sabrinajezler.ch\/?page_id=54"},"modified":"2013-09-03T23:37:11","modified_gmt":"2013-09-03T21:37:11","slug":"klassische-massage","status":"publish","type":"page","link":"https:\/\/sabrinajezler.ch\/?page_id=54","title":{"rendered":"Klassische Massage"},"content":{"rendered":"<p>Bei der klassischen Massage werden mit den H\u00e4nden Druck- und Zugreize auf Gewebe und Muskeln ausge\u00fcbt. Die Ber\u00fchrungen haben zum einen eine direkte k\u00f6rperliche Wirkung, in den sie verkrampfte Muskulatur dehnen und entspannen. Dadurch werden auch Schmerzen, die durch Verspannungen entstehen, beseitigt.<\/p>\n<p><em>&#8211; Auszug aus der Beschreibung der klassischen Massage durch Erfahrungsmedizinisches Register EMR vom 22.04.2013 (<a title=\"Link zum Online-Artikel\" href=\"http:\/\/www.emr.ch\/emr-public\/methode.las?c=102\">Link zum Online-Artikel<\/a>)<\/em><\/p>\n","protected":false},"excerpt":{"rendered":"<p>Bei der klassischen Massage werden mit den H\u00e4nden Druck- und Zugreize auf Gewebe und Muskeln ausge\u00fcbt. Die Ber\u00fchrungen haben zum einen eine direkte k\u00f6rperliche Wirkung, in den sie verkrampfte Muskulatur dehnen und entspannen. Dadurch werden auch Schmerzen, die durch Verspannungen entstehen, beseitigt. &#8211; Auszug aus der Beschreibung der klassischen Massage durch Erfahrungsmedizinisches Register EMR vom &hellip; <a href=\"https:\/\/sabrinajezler.ch\/?page_id=54\" class=\"more-link\"><span class=\"screen-reader-text\">Klassische Massage<\/span> weiterlesen <span class=\"meta-nav\">&rarr;<\/span><\/a><\/p>\n","protected":false},"author":2,"featured_media":0,"parent":14,"menu_order":21,"comment_status":"closed","ping_status":"closed","template":"","meta":{"footnotes":""},"class_list":["post-54","page","type-page","status-publish","hentry"],"_links":{"self":[{"href":"https:\/\/sabrinajezler.ch\/index.php?rest_route=\/wp\/v2\/pages\/54","targetHints":{"allow":["GET"]}}],"collection":[{"href":"https:\/\/sabrinajezler.ch\/index.php?rest_route=\/wp\/v2\/pages"}],"about":[{"href":"https:\/\/sabrinajezler.ch\/index.php?rest_route=\/wp\/v2\/types\/page"}],"author":[{"embeddable":true,"href":"https:\/\/sabrinajezler.ch\/index.php?rest_route=\/wp\/v2\/users\/2"}],"replies":[{"embeddable":true,"href":"https:\/\/sabrinajezler.ch\/index.php?rest_route=%2Fwp%2Fv2%2Fcomments&post=54"}],"version-history":[{"count":15,"href":"https:\/\/sabrinajezler.ch\/index.php?rest_route=\/wp\/v2\/pages\/54\/revisions"}],"predecessor-version":[{"id":125,"href":"https:\/\/sabrinajezler.ch\/index.php?rest_route=\/wp\/v2\/pages\/54\/revisions\/125"}],"up":[{"embeddable":true,"href":"https:\/\/sabrinajezler.ch\/index.php?rest_route=\/wp\/v2\/pages\/14"}],"wp:attachment":[{"href":"https:\/\/sabrinajezler.ch\/index.php?rest_route=%2Fwp%2Fv2%2Fmedia&parent=54"}],"curies":[{"name":"wp","href":"https:\/\/api.w.org\/{rel}","templated":true}]}}